 6257, 46153
List the prime factors of 631104929.
7, 13, 73, 95003
What are the prime factors of 1362724660?
2, 5, 11, 31, 199813
What are the prime factors of 28398715?
5, 2237, 2539
List the prime factors of 120244508.
2, 353, 85159
What are the prime factors of 1062210768?
2, 3, 43, 514637
List the prime factors of 4933752447.
3, 13, 43, 2942011
List the prime factors of 124070180.
2, 5, 13, 439, 1087
List the prime factors of 2095463779.
1277, 1640927
List the prime factors of 1913205.
3, 5, 7, 19, 137
List the prime factors of 30194846.
2, 11, 1372493
What are the prime factors of 22109770?
2, 5, 2210977
List the prime factors of 250640456.
2, 11, 31, 79, 1163
What are the prime factors of 14351399?
883, 16253
List the prime factors of 1833219767.
13159, 139313
List the prime factors of 111722662.
2, 127, 439853
List the prime factors of 1169696943.
3, 19, 47, 103, 157
List the prime factors of 1028668582.
2, 514334291
List the prime factors of 34031569.
11, 13, 17, 13999
List the prime factors of 42284496.
2, 3, 31, 157, 181
What are the prime factors of 440367006?
2, 3, 73394501
What are the prime factors of 653817297?
3, 7, 17, 23, 79627
List the prime factors of 101022533.
67, 557, 2707
List the prime factors of 275939615.
5, 7, 257, 30677
What are the prime factors of 21810117?
3, 7, 29, 59, 607
List the prime factors of 225163164.
2, 3, 17, 211, 5231
What are the prime factors of 75507685?
5, 11, 1372867
List the prime factors of 2976515379.
3, 311, 739, 1439
What are the prime factors of 20264306?
2, 17, 596009
List the prime factors of 4701318353.
4701318353
List the prime factors of 63184819.
67, 943057
List the prime factors of 1090506221.
7, 22255229
What are the prime factors of 308391531?
3, 7, 227, 64693
List the prime factors of 68561464.
2, 739, 11597
What are the prime factors of 1427246490?
2, 3, 5, 41, 1160363
List the prime factors of 3022719972.
2, 3, 251893331
List the prime factors of 465857596.
2, 17, 402991
List the prime factors of 2441047829.
11, 20173949
What are the prime factors of 970394356?
2, 242598589
List the prime factors of 58783493.
29, 461, 4397
List the prime factors of 4504421377.
223, 1039, 19441
What are the prime factors of 76806255?
3, 5, 17, 359, 839
List the prime factors of 1385950319.
13, 379, 281297
What are the prime factors of 426790813?
426790813
List the prime factors of 1202433275.
5, 59, 815209
List the prime factors of 2268592972.
2, 113, 709, 7079
List the prime factors of 17185790.
2, 5, 179, 9601
List the prime factors of 15486118.
2, 907, 8537
What are the prime factors of 235215383?
13, 17, 19, 31, 139
What are the prime factors of 2339707812?
2, 3, 13, 1033, 14519
List the prime factors of 2591105900.
2, 5, 25911059
What are the prime factors of 364378794?
2, 3, 13, 29, 161087
What are the prime factors of 172821419?
389, 444271
What are the prime factors of 1629314933?
1629314933
What are the prime factors of 550069299?
3, 13, 522383
What are the prime factors of 5407939009?
11, 23, 21375253
List the prime factors of 25817797.
25817797
List the prime factors of 83536535.
5, 16707307
What are the prime factors of 47229604?
2, 17, 167, 4159
What are the prime factors of 49198047?
3, 1877, 8737
List the prime factors of 1040062187.
1040062187
What are the prime factors of 1000292834?
2, 500146417
List the prime factors of 2238897863.
2238897863
List the prime factors of 3145810781.
17, 37, 5001289
List the prime factors of 3186913398.
2, 3, 17, 31, 101, 587
What are the prime factors of 122881185?
3, 5, 7, 17, 7649
List the prime factors of 424885.
5, 84977
What are the prime factors of 22221124?
2, 887, 6263
What are the prime factors of 122177146?
2, 7, 13, 671303
List the prime factors of 398664280.
2, 5, 7, 17, 61, 1373
List the prime factors of 156928697.
5387, 29131
List the prime factors of 77513764.
2, 31, 625111
What are the prime factors of 30682723?
30682723
What are the prime factors of 38638902?
2, 3, 1213, 5309
What are the prime factors of 4495123637?
43, 104537759
What are the prime factors of 1289480706?
2, 3, 71637817
What are the prime factors of 3862217972?
2, 28753, 33581
List the prime factors of 892629595.
5, 11, 13, 19, 65707
List the prime factors of 181050196.
2, 61, 742009
List the prime factors of 517089173.
20071, 25763
What are the prime factors of 32871462?
2, 3, 13, 23, 73, 251
What are the prime factors of 6122492937?
3, 11, 103, 600421
What are the prime factors of 146826990?
2, 3, 5, 719, 2269
What are the prime factors of 11233800?
2, 3, 5, 79
What are the prime factors of 4228708?
2, 11, 8737
List the prime factors of 129468716.
2, 13, 107, 23269
What are the prime factors of 356436834?
2, 3, 13, 4569703
List the prime factors of 662382060.
2, 3, 5, 23, 41, 509
List the prime factors of 1607982834.
2, 3, 31, 457, 18917
List the prime factors of 6520747375.
5, 17, 487, 6301
What are the prime factors of 2305192164?
2, 3, 11, 107, 163211
What are the prime factors of 1801394324?
2, 17, 1367, 19379
What are the prime factors of 23575990?
2, 5, 53, 44483
List the prime factors of 181785339.
3, 797, 25343
List the prime factors of 505036267.
733, 688999
What are the prime factors of 36784099?
11, 101, 113, 293
List the prime factors of 33783340.
2, 5, 1689167
What are the prime factors of 144844688?
2, 149, 60757
List the prime factors of 58913682.
2, 3, 9818947
List the prime factors of 2432902741.
2432902741
List the prime factors of 3768491741.
7, 23, 23406781
List the prime factors of 63176807.
63176807
What are the prime factors of 64614131?
64614131
What are the prime factors of 45317573?
7, 2381, 2719
List the prime factors of 125931934.
2, 62965967
List the prime factors of 416291190.
2, 3, 5, 7, 661, 2999
What are the prime factors of 2991466?
2, 29, 51577
List the prime factors of 52137632.
2, 761, 2141
What are the prime factors of 77573610?
2, 3, 5, 861929
What are the prime factors of 74242735?
5, 7, 23, 92227
List the prime factors of 442268011.
269, 733, 2243
List the prime factors of 7571492005.
5, 7, 11, 137, 20507
List the prime factors of 125670411.
3, 13963379
What are the prime factors of 47362322?
2, 7, 483289
List the prime factors of 39130244.
2, 9782561
What are the prime factors of 1708905896?
2, 5821, 36697
What are the prime factors of 84745320?
2, 3, 5, 11, 19, 31, 109
List the prime factors of 1041278152.
2, 17, 7656457
List the prime factors of 262906799.
73, 3601463
What are the prime factors of 104640575?
5, 13, 24767
What are the prime factors of 1057279178?
2, 528639589
What are the prime factors of 204474595?
5, 13, 941, 3343
List the prime factors of 1932561559.
1932561559
What are the prime factors of 208291088?
2, 61, 101, 2113
What are the prime factors of 233420556?
2, 3, 19451713
List the prime factors of 25521029.
17, 31, 79, 613
What are the prime factors of 298537417?
89, 641, 5233
List the prime factors of 707608173.
3, 235869391
List the prime factors of 18066600.
2, 3, 5, 10037
List the prime factors of 1548786976.
2, 11, 19, 367, 631
List the prime factors of 77451461.
77451461
List the prime factors of 219841713.
3, 7, 13, 41, 6547
List the prime factors of 3525455076.
2, 3, 11, 13, 619, 3319
What are the prime factors of 172364289?
3, 57454763
List the prime factors of 700380662.
2, 79, 101, 43889
List the prime factors of 4137743925.
3, 5, 7, 29, 30197
What are the prime factors of 428602306?
2, 11, 47, 163, 2543
List the prime factors of 63780178.
2, 7, 11, 414157
List the prime factors of 19509992.
2, 523, 4663
What are the prime factors of 64931559?
3, 7, 11, 37, 71, 107
List the prime factors of 1652614512.
2, 3, 191, 180259
List the prime factors of 12463589.
977, 12757
List the prime factors of 33886355.
5, 17, 29, 59, 233
What are the prime factors of 197147219?
197147219
What are the prime factors of 373050961?
23, 16219607
What are the prime factors of 233580157?
23, 41, 67, 3697
What are the prime factors of 2604385874?
2, 1302192937
What are the prime factors of 30235284?
2, 3, 29, 28961
What are the prime factors of 1382968774?
2, 11, 5714747
What are the prime factors of 1620737058?
2, 3, 17, 151, 105229
List the prime factors of 363540954.
2, 3, 7, 17, 227, 2243
List the prime 